{"id":1729,"date":"2017-04-27T16:10:56","date_gmt":"2017-04-27T16:10:56","guid":{"rendered":"http:\/\/www.fiaelyelmo.com\/cine\/?page_id=1729"},"modified":"2017-04-27T16:20:59","modified_gmt":"2017-04-27T16:20:59","slug":"premios-2017","status":"publish","type":"page","link":"https:\/\/www.fiaelyelmo.com\/cine\/es\/premios-2017\/","title":{"rendered":"Premios 2016"},"content":{"rendered":"<p>[et_pb_section admin_label=\u00bbsection\u00bb][et_pb_row admin_label=\u00bbrow\u00bb][et_pb_column type=\u00bb4_4&#8243;][et_pb_text admin_label=\u00bbTexto\u00bb background_layout=\u00bblight\u00bb text_orientation=\u00bbleft\u00bb use_border_color=\u00bboff\u00bb border_color=\u00bb#ffffff\u00bb border_style=\u00bbsolid\u00bb]<\/p>\n<h4>Relaci\u00f3n de premios XVII CINEMA FIA:<\/h4>\n<p><img loading=\"lazy\" decoding=\"async\" class=\"wp-image-1473 alignleft\" src=\"http:\/\/www.fiaelyelmo.com\/cine\/wp-content\/uploads\/2017\/02\/laurel_CINEMA-FIA_bestfilm-150x150.jpg\" alt=\"laurel_CINEMA FIA_bestfilm\" width=\"120\" height=\"124\" \/><\/p>\n<p>&nbsp;<\/p>\n<p>Mejor pelicual del Festival: <strong>Last Base &#8211; Noruega<\/strong><\/p>\n<p>&nbsp;<\/p>\n<p><img loading=\"lazy\" decoding=\"async\" class=\" wp-image-1476 alignleft\" src=\"http:\/\/www.fiaelyelmo.com\/cine\/wp-content\/uploads\/2017\/02\/laurel_CINEMA-FIA_bestsport-150x150.jpg\" alt=\"laurel_CINEMA FIA_bestsport\" width=\"120\" height=\"122\" \/><\/p>\n<p>&nbsp;<\/p>\n<p>Mejor Pel\u00edcula de Deportes A\u00e9reos: <strong>Airman &#8211; Argentina<\/strong><\/p>\n<p>&nbsp;<\/p>\n<p><img loading=\"lazy\" decoding=\"async\" class=\" wp-image-1471 alignleft\" src=\"http:\/\/www.fiaelyelmo.com\/cine\/wp-content\/uploads\/2017\/02\/laurel_CINEMA-FIA_bestadventure-150x150.jpg\" alt=\"laurel_CINEMA FIA_bestadventure\" width=\"120\" height=\"127\" \/><\/p>\n<p>&nbsp;<\/p>\n<p>Mejor pel\u00edcula de Aventura A\u00e9rea: <strong>Dare to Soar, Flying with condors &#8211; Austria<\/strong><\/p>\n<p>&nbsp;<\/p>\n<p><img loading=\"lazy\" decoding=\"async\" class=\" wp-image-1474 alignleft\" src=\"http:\/\/www.fiaelyelmo.com\/cine\/wp-content\/uploads\/2017\/02\/laurel_CINEMA-FIA_bestnature-150x150.jpg\" alt=\"laurel_CINEMA FIA_bestnature\" width=\"120\" height=\"124\" \/><\/p>\n<p>&nbsp;<\/p>\n<p>Mejor Pel\u00edcula de Naturaleza en vuelo: <strong>Venidos del Cielo &#8211; Espa\u00f1a<br \/>\n<\/strong><span style=\"color: #999999;\">( Patrocinado por Tierras de Tavara AOVE)<\/span><\/p>\n<p>&nbsp;<\/p>\n<p><img loading=\"lazy\" decoding=\"async\" class=\" wp-image-1475 alignleft\" src=\"http:\/\/www.fiaelyelmo.com\/cine\/wp-content\/uploads\/2017\/02\/laurel_CINEMA-FIA_bestshort-150x150.jpg\" alt=\"laurel_CINEMA FIA_bestshort\" width=\"121\" height=\"115\" \/><\/p>\n<p>&nbsp;<\/p>\n<p>Mejor corto: <strong>Freefall &#8211; Francia<br \/>\n<\/strong><span style=\"color: #999999;\">(Patrocinado por Denominaci\u00f3n de Origen Sierra de Segura)<\/span><\/p>\n<p>&nbsp;<\/p>\n<p><img loading=\"lazy\" decoding=\"async\" class=\" wp-image-1472 alignleft\" src=\"http:\/\/www.fiaelyelmo.com\/cine\/wp-content\/uploads\/2017\/02\/laurel_CINEMA-FIA_bestandalucia-150x150.jpg\" alt=\"laurel_CINEMA FIA_bestandalucia\" width=\"120\" height=\"118\" \/><\/p>\n<p>&nbsp;<\/p>\n<p>Premio RTVA a la producci\u00f3n andaluza: <strong>El mart\u00edn pescador<\/strong><\/p>\n<p>[\/et_pb_text][\/et_pb_column][\/et_pb_row][\/et_pb_section]<\/p>\n","protected":false},"excerpt":{"rendered":"<p>Relaci\u00f3n de premios XVII CINEMA FIA: &nbsp; Mejor pelicual del Festival: Last Base &#8211; Noruega &nbsp; &nbsp; Mejor Pel\u00edcula de Deportes A\u00e9reos: Airman &#8211; Argentina &nbsp; &nbsp; Mejor pel\u00edcula de Aventura A\u00e9rea: Dare to Soar, Flying with condors &#8211; Austria &nbsp; &nbsp; Mejor Pel\u00edcula de Naturaleza en vuelo: Venidos del Cielo &#8211; Espa\u00f1a ( Patrocinado [&hellip;]<\/p>\n","protected":false},"author":1,"featured_media":0,"parent":0,"menu_order":0,"comment_status":"closed","ping_status":"closed","template":"","meta":{"_et_pb_use_builder":"on","_et_pb_old_content":"","_et_gb_content_width":"","footnotes":""},"class_list":["post-1729","page","type-page","status-publish","hentry"],"_links":{"self":[{"href":"https:\/\/www.fiaelyelmo.com\/cine\/wp-json\/wp\/v2\/pages\/1729","targetHints":{"allow":["GET"]}}],"collection":[{"href":"https:\/\/www.fiaelyelmo.com\/cine\/wp-json\/wp\/v2\/pages"}],"about":[{"href":"https:\/\/www.fiaelyelmo.com\/cine\/wp-json\/wp\/v2\/types\/page"}],"author":[{"embeddable":true,"href":"https:\/\/www.fiaelyelmo.com\/cine\/wp-json\/wp\/v2\/users\/1"}],"replies":[{"embeddable":true,"href":"https:\/\/www.fiaelyelmo.com\/cine\/wp-json\/wp\/v2\/comments?post=1729"}],"version-history":[{"count":4,"href":"https:\/\/www.fiaelyelmo.com\/cine\/wp-json\/wp\/v2\/pages\/1729\/revisions"}],"predecessor-version":[{"id":1737,"href":"https:\/\/www.fiaelyelmo.com\/cine\/wp-json\/wp\/v2\/pages\/1729\/revisions\/1737"}],"wp:attachment":[{"href":"https:\/\/www.fiaelyelmo.com\/cine\/wp-json\/wp\/v2\/media?parent=1729"}],"curies":[{"name":"wp","href":"https:\/\/api.w.org\/{rel}","templated":true}]}}